{"id":3069,"date":"2024-08-22T08:15:43","date_gmt":"2024-08-22T11:15:43","guid":{"rendered":"https:\/\/aluri.com.br\/site2\/?page_id=3069"},"modified":"2024-09-09T14:01:17","modified_gmt":"2024-09-09T17:01:17","slug":"regulamentacao","status":"publish","type":"page","link":"https:\/\/aluri.com.br\/site2\/regulamentacao\/","title":{"rendered":"Regulamenta\u00e7\u00e3o"},"content":{"rendered":"\t\t<div data-elementor-type=\"wp-page\" data-elementor-id=\"3069\" class=\"elementor elementor-3069\">\n\t\t\t\t\t\t<section class=\"elementor-section elementor-top-section elementor-element elementor-element-6f4f514 elementor-section-boxed elementor-section-height-default elementor-section-height-default wpr-particle-no wpr-jarallax-no wpr-parallax-no wpr-sticky-section-no\" data-id=\"6f4f514\" data-element_type=\"section\" data-settings=\"{&quot;background_background&quot;:&quot;classic&quot;}\">\n\t\t\t\t\t\t\t<div class=\"elementor-background-overlay\"><\/div>\n\t\t\t\t\t\t\t<div class=\"elementor-container elementor-column-gap-default\">\n\t\t\t\t\t<div class=\"elementor-column elementor-col-100 elementor-top-column elementor-element elementor-element-ec20933\" data-id=\"ec20933\" data-element_type=\"column\">\n\t\t\t<div class=\"elementor-widget-wrap elementor-element-populated\">\n\t\t\t\t\t\t<div class=\"elementor-element elementor-element-d5cb54f elementor-widget elementor-widget-heading\" data-id=\"d5cb54f\" data-element_type=\"widget\" data-widget_type=\"heading.default\">\n\t\t\t\t<div class=\"elementor-widget-container\">\n\t\t\t<h2 class=\"elementor-heading-title elementor-size-default\">Regulamenta\u00e7\u00e3o<\/h2>\t\t<\/div>\n\t\t\t\t<\/div>\n\t\t\t\t\t<\/div>\n\t\t<\/div>\n\t\t\t\t\t<\/div>\n\t\t<\/section>\n\t\t<div class=\"elementor-element elementor-element-e933407 e-flex e-con-boxed wpr-particle-no wpr-jarallax-no wpr-parallax-no wpr-sticky-section-no e-con e-parent\" data-id=\"e933407\" data-element_type=\"container\">\n\t\t\t\t\t<div class=\"e-con-inner\">\n\t\t\t\t<div class=\"elementor-element elementor-element-d6e1835 elementor-widget elementor-widget-icon-box\" data-id=\"d6e1835\" data-element_type=\"widget\" data-widget_type=\"icon-box.default\">\n\t\t\t\t<div class=\"elementor-widget-container\">\n\t\t\t\t\t<div class=\"elementor-icon-box-wrapper\">\n\n\t\t\t\n\t\t\t\t\t\t<div class=\"elementor-icon-box-content\">\n\n\t\t\t\t\t\t\t\t\t<h3 class=\"elementor-icon-box-title\">\n\t\t\t\t\t\t<span  >\n\t\t\t\t\t\t\tLei Geral de Prote\u00e7\u00e3o de Dados\t\t\t\t\t\t<\/span>\n\t\t\t\t\t<\/h3>\n\t\t\t\t\n\t\t\t\t\n\t\t\t<\/div>\n\t\t\t\n\t\t<\/div>\n\t\t\t\t<\/div>\n\t\t\t\t<\/div>\n\t\t\t\t\t<\/div>\n\t\t\t\t<\/div>\n\t\t<div class=\"elementor-element elementor-element-332fdf9 e-flex e-con-boxed wpr-particle-no wpr-jarallax-no wpr-parallax-no wpr-sticky-section-no e-con e-parent\" data-id=\"332fdf9\" data-element_type=\"container\">\n\t\t\t\t\t<div class=\"e-con-inner\">\n\t\t\t\t<div class=\"elementor-element elementor-element-ba8d396 elementor-widget elementor-widget-text-editor\" data-id=\"ba8d396\" data-element_type=\"widget\" data-widget_type=\"text-editor.default\">\n\t\t\t\t<div class=\"elementor-widget-container\">\n\t\t\t\t\t\t\t<p><strong>A Lei Geral de Prote\u00e7\u00e3o de Dados Pessoais (LGPD)<\/strong>, Lei n\u00b0 13.709\/2018, foi promulgada para proteger os direitos fundamentais de liberdade e de privacidade, e a livre forma\u00e7\u00e3o da personalidade de cada indiv\u00edduo. A Lei fala sobre o tratamento de dados pessoais, dispostos em meio f\u00edsico ou digital, feito por pessoa f\u00edsica ou jur\u00eddica de direito p\u00fablico ou privado, englobando um amplo conjunto de opera\u00e7\u00f5es que podem ocorrer em meios manuais ou digitais.\u00a0<\/p><p>No \u00e2mbito da LGPD, o tratamento dos dados pessoais pode ser realizado por dois agentes de tratamento \u2013 o\u00a0<strong>Controlador<\/strong>\u00a0e o\u00a0<strong>Operador<\/strong>. Al\u00e9m deles, h\u00e1 a figura do\u00a0<strong>Encarregado<\/strong>, que \u00e9 a pessoa indicada pelo Controlador para atuar como canal de comunica\u00e7\u00e3o entre o Controlador, o Operador, os(as) titulares dos dados e a\u00a0<strong>Autoridade Nacional de Prote\u00e7\u00e3o de Dados (ANPD)<\/strong>.<\/p><p>Tema fundamental trabalhado pela Lei, o tratamento de dados diz respeito a qualquer atividade que utiliza um dado pessoal na execu\u00e7\u00e3o da sua opera\u00e7\u00e3o, como, por exemplo, coleta, produ\u00e7\u00e3o, recep\u00e7\u00e3o, classifica\u00e7\u00e3o, utiliza\u00e7\u00e3o, acesso, reprodu\u00e7\u00e3o, transmiss\u00e3o, distribui\u00e7\u00e3o, processamento, arquivamento, armazenamento, elimina\u00e7\u00e3o, avalia\u00e7\u00e3o ou controle da informa\u00e7\u00e3o, modifica\u00e7\u00e3o, comunica\u00e7\u00e3o, transfer\u00eancia, difus\u00e3o ou extra\u00e7\u00e3o.<\/p><p>Antes de iniciar qualquer tipo de tratamento de dados pessoais, o agente deve se certificar que a finalidade da opera\u00e7\u00e3o est\u00e1 registrada de forma clara e expl\u00edcita, e que os prop\u00f3sitos especificados e informados ao(\u00e0) titular dos dados. No caso do setor p\u00fablico, a principal finalidade do tratamento est\u00e1 relacionada \u00e0 execu\u00e7\u00e3o de pol\u00edticas p\u00fablicas, devidamente previstas em lei, regulamentos ou respaldadas em contratos, conv\u00eanios ou instrumentos semelhantes.<\/p><p>O compartilhamento dentro da administra\u00e7\u00e3o p\u00fablica, no \u00e2mbito da execu\u00e7\u00e3o de pol\u00edticas p\u00fablicas, \u00e9 previsto na lei e dispensa o consentimento espec\u00edfico. Contudo, o \u00f3rg\u00e3o que coleta deve informar com transpar\u00eancia qual dado ser\u00e1 compartilhado e com quem. Do outro lado, o \u00f3rg\u00e3o que solicita receber o compartilhamento precisa justificar esse acesso com base na execu\u00e7\u00e3o de uma pol\u00edtica p\u00fablica espec\u00edfica e claramente determinada, descrevendo o motivo da solicita\u00e7\u00e3o de acesso e o uso que ser\u00e1 feito com os dados. Informa\u00e7\u00f5es protegidas por sigilo seguem protegidas e sujeitas a normativos e regras espec\u00edficas. Essas e outras quest\u00f5es fundamentais devem ser observadas pelos \u00f3rg\u00e3os e entidades da administra\u00e7\u00e3o federal, no sentido de assegurar a conformidade do tratamento de dados pessoais de acordo com as hip\u00f3teses legais e princ\u00edpios da LGPD.<\/p><p>\u00a0A lei estabelece uma estrutura legal de direitos dos(as) titulares de dados pessoais. Esses direitos devem ser garantidos durante toda a exist\u00eancia do tratamento dos dados pessoais realizado pelo \u00f3rg\u00e3o ou entidade. Para o exerc\u00edcio dos direitos dos(as) titulares, a LGPD prev\u00ea um conjunto de ferramentas que aprofundam obriga\u00e7\u00f5es de transpar\u00eancia ativa e passiva, e criam meios processuais para mobilizar a Administra\u00e7\u00e3o P\u00fablica.<\/p><p>Documento base: Guia de Boas Pr\u00e1ticas para Implementa\u00e7\u00e3o na Administra\u00e7\u00e3o P\u00fablica Federal da Lei Geral de Prote\u00e7\u00e3o de Dados \u2013 documento elaborado pelos diferentes \u00f3rg\u00e3os que comp\u00f5em o Comit\u00ea Central de Governan\u00e7a de Dados e que cont\u00e9m orienta\u00e7\u00f5es sobre as atribui\u00e7\u00f5es e atua\u00e7\u00e3o do Controlador, do Operador e do Encarregado, bem como da Autoridade Nacional de Prote\u00e7\u00e3o de Dados (ANPD) e versa, ainda, sobre os direitos fundamentais dos(as) cidad\u00e3os(\u00e3s) titulares dos dados, aborda hip\u00f3teses de tratamento dos dados e sua realiza\u00e7\u00e3o, indica o ciclo de vida do tratamento dos dados pessoais e apresenta boas pr\u00e1ticas em seguran\u00e7a da informa\u00e7\u00e3o.<\/p>\t\t\t\t\t\t<\/div>\n\t\t\t\t<\/div>\n\t\t\t\t\t<\/div>\n\t\t\t\t<\/div>\n\t\t\t\t<\/div>\n\t\t","protected":false},"excerpt":{"rendered":"<p>Regulamenta\u00e7\u00e3o Lei Geral de Prote\u00e7\u00e3o de Dados A Lei Geral de Prote\u00e7\u00e3o de Dados Pessoais (LGPD), Lei n\u00b0 13.709\/2018, foi promulgada para proteger os direitos fundamentais de liberdade e de privacidade, e a livre forma\u00e7\u00e3o da personalidade de cada indiv\u00edduo. A Lei fala sobre o tratamento de dados pessoais, dispostos em meio f\u00edsico ou digital, feito por pessoa f\u00edsica ou jur\u00eddica de direito p\u00fablico ou privado, englobando um amplo conjunto de opera\u00e7\u00f5es que podem ocorrer em meios manuais ou digitais.\u00a0 No \u00e2mbito da LGPD, o tratamento dos dados pessoais pode ser realizado por dois agentes de tratamento \u2013 o\u00a0Controlador\u00a0e o\u00a0Operador. Al\u00e9m deles, h\u00e1 a figura do\u00a0Encarregado, que \u00e9 a pessoa indicada pelo Controlador para atuar como canal de comunica\u00e7\u00e3o entre o Controlador, o Operador, os(as) titulares dos dados e a\u00a0Autoridade Nacional de Prote\u00e7\u00e3o de Dados (ANPD). Tema fundamental trabalhado pela Lei, o tratamento de dados diz respeito a qualquer atividade que utiliza um dado pessoal na execu\u00e7\u00e3o da sua opera\u00e7\u00e3o, como, por exemplo, coleta, produ\u00e7\u00e3o, recep\u00e7\u00e3o, classifica\u00e7\u00e3o, utiliza\u00e7\u00e3o, acesso, reprodu\u00e7\u00e3o, transmiss\u00e3o, distribui\u00e7\u00e3o, processamento, arquivamento, armazenamento, elimina\u00e7\u00e3o, avalia\u00e7\u00e3o ou controle da informa\u00e7\u00e3o, modifica\u00e7\u00e3o, comunica\u00e7\u00e3o, transfer\u00eancia, difus\u00e3o ou extra\u00e7\u00e3o. Antes de iniciar qualquer tipo de tratamento de dados pessoais, o agente deve se certificar que a finalidade da opera\u00e7\u00e3o est\u00e1 registrada de forma clara e expl\u00edcita, e que os prop\u00f3sitos especificados e informados ao(\u00e0) titular dos dados. No caso do setor p\u00fablico, a principal finalidade do tratamento est\u00e1 relacionada \u00e0 execu\u00e7\u00e3o de pol\u00edticas p\u00fablicas, devidamente previstas em lei, regulamentos ou respaldadas em contratos, conv\u00eanios ou instrumentos semelhantes. O compartilhamento dentro da administra\u00e7\u00e3o p\u00fablica, no \u00e2mbito da execu\u00e7\u00e3o de pol\u00edticas p\u00fablicas, \u00e9 previsto na lei e dispensa o consentimento espec\u00edfico. Contudo, o \u00f3rg\u00e3o que coleta deve informar com transpar\u00eancia qual dado ser\u00e1 compartilhado e com quem. Do outro lado, o \u00f3rg\u00e3o que solicita receber o compartilhamento precisa justificar esse acesso com base na execu\u00e7\u00e3o de uma pol\u00edtica p\u00fablica espec\u00edfica e claramente determinada, descrevendo o motivo da solicita\u00e7\u00e3o de acesso e o uso que ser\u00e1 feito com os dados. Informa\u00e7\u00f5es protegidas por sigilo seguem protegidas e sujeitas a normativos e regras espec\u00edficas. Essas e outras quest\u00f5es fundamentais devem ser observadas pelos \u00f3rg\u00e3os e entidades da administra\u00e7\u00e3o federal, no sentido de assegurar a conformidade do tratamento de dados pessoais de acordo com as hip\u00f3teses legais e princ\u00edpios da LGPD. \u00a0A lei estabelece uma estrutura legal de direitos dos(as) titulares de dados pessoais. Esses direitos devem ser garantidos durante toda a exist\u00eancia do tratamento dos dados pessoais realizado pelo \u00f3rg\u00e3o ou entidade. Para o exerc\u00edcio dos direitos dos(as) titulares, a LGPD prev\u00ea um conjunto de ferramentas que aprofundam obriga\u00e7\u00f5es de transpar\u00eancia ativa e passiva, e criam meios processuais para mobilizar a Administra\u00e7\u00e3o P\u00fablica. Documento base: Guia de Boas Pr\u00e1ticas para Implementa\u00e7\u00e3o na Administra\u00e7\u00e3o P\u00fablica Federal da Lei Geral de Prote\u00e7\u00e3o de Dados \u2013 documento elaborado pelos diferentes \u00f3rg\u00e3os que comp\u00f5em o Comit\u00ea Central de Governan\u00e7a de Dados e que cont\u00e9m orienta\u00e7\u00f5es sobre as atribui\u00e7\u00f5es e atua\u00e7\u00e3o do Controlador, do Operador e do Encarregado, bem como da Autoridade Nacional de Prote\u00e7\u00e3o de Dados (ANPD) e versa, ainda, sobre os direitos fundamentais dos(as) cidad\u00e3os(\u00e3s) titulares dos dados, aborda hip\u00f3teses de tratamento dos dados e sua realiza\u00e7\u00e3o, indica o ciclo de vida do tratamento dos dados pessoais e apresenta boas pr\u00e1ticas em seguran\u00e7a da informa\u00e7\u00e3o.<\/p>\n","protected":false},"author":1,"featured_media":0,"parent":0,"menu_order":0,"comment_status":"closed","ping_status":"closed","template":"elementor_canvas","meta":{"footnotes":""},"class_list":["post-3069","page","type-page","status-publish","hentry"],"_links":{"self":[{"href":"https:\/\/aluri.com.br\/site2\/wp-json\/wp\/v2\/pages\/3069","targetHints":{"allow":["GET"]}}],"collection":[{"href":"https:\/\/aluri.com.br\/site2\/wp-json\/wp\/v2\/pages"}],"about":[{"href":"https:\/\/aluri.com.br\/site2\/wp-json\/wp\/v2\/types\/page"}],"author":[{"embeddable":true,"href":"https:\/\/aluri.com.br\/site2\/wp-json\/wp\/v2\/users\/1"}],"replies":[{"embeddable":true,"href":"https:\/\/aluri.com.br\/site2\/wp-json\/wp\/v2\/comments?post=3069"}],"version-history":[{"count":0,"href":"https:\/\/aluri.com.br\/site2\/wp-json\/wp\/v2\/pages\/3069\/revisions"}],"wp:attachment":[{"href":"https:\/\/aluri.com.br\/site2\/wp-json\/wp\/v2\/media?parent=3069"}],"curies":[{"name":"wp","href":"https:\/\/api.w.org\/{rel}","templated":true}]}}

Regulamentação

<div data-elementor-type="wp-page" data-elementor-id="3069" class="elementor elementor-3069">
						<section class="elementor-section elementor-top-section elementor-element elementor-element-6f4f514 elementor-section-boxed elementor-section-height-default elementor-section-height-default wpr-particle-no wpr-jarallax-no wpr-parallax-no wpr-sticky-section-no" data-id="6f4f514" data-element_type="section" data-settings="{&quot;background_background&quot;:&quot;classic&quot;}">
							<div class="elementor-background-overlay"></div>
							<div class="elementor-container elementor-column-gap-default">
					<div class="elementor-column elementor-col-100 elementor-top-column elementor-element elementor-element-ec20933" data-id="ec20933" data-element_type="column">
			<div class="elementor-widget-wrap elementor-element-populated">
						<div class="elementor-element elementor-element-d5cb54f elementor-widget elementor-widget-heading" data-id="d5cb54f" data-element_type="widget" data-widget_type="heading.default">
				<div class="elementor-widget-container">
			<h2 class="elementor-heading-title elementor-size-default">Regulamentação</h2>		</div>
				</div>
					</div>
		</div>
					</div>
		</section>
		<div class="elementor-element elementor-element-e933407 e-flex e-con-boxed wpr-particle-no wpr-jarallax-no wpr-parallax-no wpr-sticky-section-no e-con e-parent" data-id="e933407" data-element_type="container">
					<div class="e-con-inner">
				<div class="elementor-element elementor-element-d6e1835 elementor-widget elementor-widget-icon-box" data-id="d6e1835" data-element_type="widget" data-widget_type="icon-box.default">
				<div class="elementor-widget-container">
					<div class="elementor-icon-box-wrapper">

			
						<div class="elementor-icon-box-content">

									<h3 class="elementor-icon-box-title">
						<span  >
							Lei Geral de Proteção de Dados						</span>
					</h3>
				
				
			</div>
			
		</div>
				</div>
				</div>
					</div>
				</div>
		<div class="elementor-element elementor-element-332fdf9 e-flex e-con-boxed wpr-particle-no wpr-jarallax-no wpr-parallax-no wpr-sticky-section-no e-con e-parent" data-id="332fdf9" data-element_type="container">
					<div class="e-con-inner">
				<div class="elementor-element elementor-element-ba8d396 elementor-widget elementor-widget-text-editor" data-id="ba8d396" data-element_type="widget" data-widget_type="text-editor.default">
				<div class="elementor-widget-container">
							<p><strong>A Lei Geral de Proteção de Dados Pessoais (LGPD)</strong>, Lei n° 13.709/2018, foi promulgada para proteger os direitos fundamentais de liberdade e de privacidade, e a livre formação da personalidade de cada indivíduo. A Lei fala sobre o tratamento de dados pessoais, dispostos em meio físico ou digital, feito por pessoa física ou jurídica de direito público ou privado, englobando um amplo conjunto de operações que podem ocorrer em meios manuais ou digitais. </p><p>No âmbito da LGPD, o tratamento dos dados pessoais pode ser realizado por dois agentes de tratamento – o <strong>Controlador</strong> e o <strong>Operador</strong>. Além deles, há a figura do <strong>Encarregado</strong>, que é a pessoa indicada pelo Controlador para atuar como canal de comunicação entre o Controlador, o Operador, os(as) titulares dos dados e a <strong>Autoridade Nacional de Proteção de Dados (ANPD)</strong>.</p><p>Tema fundamental trabalhado pela Lei, o tratamento de dados diz respeito a qualquer atividade que utiliza um dado pessoal na execução da sua operação, como, por exemplo, coleta, produção, recepção, classificação, utilização, acesso, reprodução, transmissão, distribuição, processamento, arquivamento, armazenamento, eliminação, avaliação ou controle da informação, modificação, comunicação, transferência, difusão ou extração.</p><p>Antes de iniciar qualquer tipo de tratamento de dados pessoais, o agente deve se certificar que a finalidade da operação está registrada de forma clara e explícita, e que os propósitos especificados e informados ao(à) titular dos dados. No caso do setor público, a principal finalidade do tratamento está relacionada à execução de políticas públicas, devidamente previstas em lei, regulamentos ou respaldadas em contratos, convênios ou instrumentos semelhantes.</p><p>O compartilhamento dentro da administração pública, no âmbito da execução de políticas públicas, é previsto na lei e dispensa o consentimento específico. Contudo, o órgão que coleta deve informar com transparência qual dado será compartilhado e com quem. Do outro lado, o órgão que solicita receber o compartilhamento precisa justificar esse acesso com base na execução de uma política pública específica e claramente determinada, descrevendo o motivo da solicitação de acesso e o uso que será feito com os dados. Informações protegidas por sigilo seguem protegidas e sujeitas a normativos e regras específicas. Essas e outras questões fundamentais devem ser observadas pelos órgãos e entidades da administração federal, no sentido de assegurar a conformidade do tratamento de dados pessoais de acordo com as hipóteses legais e princípios da LGPD.</p><p> A lei estabelece uma estrutura legal de direitos dos(as) titulares de dados pessoais. Esses direitos devem ser garantidos durante toda a existência do tratamento dos dados pessoais realizado pelo órgão ou entidade. Para o exercício dos direitos dos(as) titulares, a LGPD prevê um conjunto de ferramentas que aprofundam obrigações de transparência ativa e passiva, e criam meios processuais para mobilizar a Administração Pública.</p><p>Documento base: Guia de Boas Práticas para Implementação na Administração Pública Federal da Lei Geral de Proteção de Dados – documento elaborado pelos diferentes órgãos que compõem o Comitê Central de Governança de Dados e que contém orientações sobre as atribuições e atuação do Controlador, do Operador e do Encarregado, bem como da Autoridade Nacional de Proteção de Dados (ANPD) e versa, ainda, sobre os direitos fundamentais dos(as) cidadãos(ãs) titulares dos dados, aborda hipóteses de tratamento dos dados e sua realização, indica o ciclo de vida do tratamento dos dados pessoais e apresenta boas práticas em segurança da informação.</p>						</div>
				</div>
					</div>
				</div>
				</div>

<p>Regulamentação Lei Geral de Proteção de Dados A Lei Geral de Proteção de Dados Pessoais (LGPD), Lei n° 13.709/2018, foi promulgada para proteger os direitos fundamentais de liberdade e de privacidade, e a livre formação da personalidade de cada indivíduo. A Lei fala sobre o tratamento de dados pessoais, dispostos em meio físico ou digital, feito por pessoa física ou jurídica de direito público ou privado, englobando um amplo conjunto de operações que podem ocorrer em meios manuais ou digitais.  No âmbito da LGPD, o tratamento dos dados pessoais pode ser realizado por dois agentes de tratamento – o Controlador e o Operador. Além deles, há a figura do Encarregado, que é a pessoa indicada pelo Controlador para atuar como canal de comunicação entre o Controlador, o Operador, os(as) titulares dos dados e a Autoridade Nacional de Proteção de Dados (ANPD). Tema fundamental trabalhado pela Lei, o tratamento de dados diz respeito a qualquer atividade que utiliza um dado pessoal na execução da sua operação, como, por exemplo, coleta, produção, recepção, classificação, utilização, acesso, reprodução, transmissão, distribuição, processamento, arquivamento, armazenamento, eliminação, avaliação ou controle da informação, modificação, comunicação, transferência, difusão ou extração. Antes de iniciar qualquer tipo de tratamento de dados pessoais, o agente deve se certificar que a finalidade da operação está registrada de forma clara e explícita, e que os propósitos especificados e informados ao(à) titular dos dados. No caso do setor público, a principal finalidade do tratamento está relacionada à execução de políticas públicas, devidamente previstas em lei, regulamentos ou respaldadas em contratos, convênios ou instrumentos semelhantes. O compartilhamento dentro da administração pública, no âmbito da execução de políticas públicas, é previsto na lei e dispensa o consentimento específico. Contudo, o órgão que coleta deve informar com transparência qual dado será compartilhado e com quem. Do outro lado, o órgão que solicita receber o compartilhamento precisa justificar esse acesso com base na execução de uma política pública específica e claramente determinada, descrevendo o motivo da solicitação de acesso e o uso que será feito com os dados. Informações protegidas por sigilo seguem protegidas e sujeitas a normativos e regras específicas. Essas e outras questões fundamentais devem ser observadas pelos órgãos e entidades da administração federal, no sentido de assegurar a conformidade do tratamento de dados pessoais de acordo com as hipóteses legais e princípios da LGPD.  A lei estabelece uma estrutura legal de direitos dos(as) titulares de dados pessoais. Esses direitos devem ser garantidos durante toda a existência do tratamento dos dados pessoais realizado pelo órgão ou entidade. Para o exercício dos direitos dos(as) titulares, a LGPD prevê um conjunto de ferramentas que aprofundam obrigações de transparência ativa e passiva, e criam meios processuais para mobilizar a Administração Pública. Documento base: Guia de Boas Práticas para Implementação na Administração Pública Federal da Lei Geral de Proteção de Dados – documento elaborado pelos diferentes órgãos que compõem o Comitê Central de Governança de Dados e que contém orientações sobre as atribuições e atuação do Controlador, do Operador e do Encarregado, bem como da Autoridade Nacional de Proteção de Dados (ANPD) e versa, ainda, sobre os direitos fundamentais dos(as) cidadãos(ãs) titulares dos dados, aborda hipóteses de tratamento dos dados e sua realização, indica o ciclo de vida do tratamento dos dados pessoais e apresenta boas práticas em segurança da informação.</p>
